{"id":1312,"date":"2024-11-03T14:26:52","date_gmt":"2024-11-03T14:26:52","guid":{"rendered":"https:\/\/sedimpulsionacademie.com\/home\/?post_type=product&#038;p=1312"},"modified":"2024-11-04T19:49:48","modified_gmt":"2024-11-04T19:49:48","slug":"daniel-chevalier-de-la-garde-royale","status":"publish","type":"product","link":"https:\/\/sedimpulsionacademie.com\/home\/product\/daniel-chevalier-de-la-garde-royale\/","title":{"rendered":"Daniel chevalier de la garde royale"},"content":{"rendered":"<p>D\u00e9couvre \u00e0 travers le quotidien du jeune Daniel, l\u2019amour de Dieu pour toi ind\u00e9pendamment des circonstances et des personnes autour de toi.<br \/>\nDaniel, un jeune gar\u00e7on h\u00e9breux, est emmen\u00e9 au Palais du Roi pour y apprendre \u00e0 servir le Roi afin d\u2019acc\u00e9der plus tard \u00e0 des fonctions royales.<br \/>\nChaque jour, tu d\u00e9couvres sa vie, ses activit\u00e9s, ses amis, mais aussi ses temps de pri\u00e8re avec Dieu, son P\u00e8re.<br \/>\nTu r\u00e9alises qu\u2019aimer Dieu, te demandera parfois d\u2019\u00eatre \u00e0 contre-courant, car souvent les autres ne te comprendront pas.<br \/>\nMais le plus important comme Daniel, garde tes valeurs et ta foi en Dieu.<br \/>\nEt pour toi aussi, cher prince, ce livre est un v\u00e9ritable tr\u00e9sor, car il s\u2019agit de ton cahier de pri\u00e8res et de r\u00eaves que tu \u00e9cris avec Dieu chaque jour.<br \/>\nRejoins les coulisses du Palais, et avance au rythme des journ\u00e9es entre la salle de classe et les \u00e9curies l\u00e0 o\u00f9 r\u00e8gnent la joie, la d\u00e9couverte et l\u2019apprentissage. Mais reste prudent et \u00e0 l\u2019\u00e9coute de ton professeur, car il arrivera des moments o\u00f9 tu devras faire face \u00e0 la jalousie et la m\u00e9chancet\u00e9.<br \/>\nR\u00e9agiras-tu avec sagesse et amour comme Daniel, qui a rencontr\u00e9 le Dieu de l\u2019Amour ?<br \/>\nToi aussi, pars \u00e0 la rencontre de ton Dieu. Il t\u2019aime et t\u2019aimera toujours.<br \/>\nBienvenue au Palais Royal, l\u00e0 o\u00f9 r\u00e8gnent secrets, v\u00e9rit\u00e9s, et sagesse divine !<\/p>\n","protected":false},"excerpt":{"rendered":"<blockquote><p>Bienvenue au Palais Royal, l\u00e0 o\u00f9 r\u00e8gnent secrets, v\u00e9rit\u00e9s, et sagesse divine ! D\u00e9couvre \u00e0 travers le quotidien du jeune Daniel, l\u2019amour de Dieu pour toi ind\u00e9pendamment des circonstances et des personnes autour de toi.<\/p><\/blockquote>\n","protected":false},"featured_media":1254,"template":"","meta":{"_uag_custom_page_level_css":"","site-sidebar-layout":"default","site-content-layout":"","ast-site-content-layout":"default","site-content-style":"default","site-sidebar-style":"default","ast-global-header-display":"","ast-banner-title-visibility":"","ast-main-header-display":"","ast-hfb-above-header-display":"","ast-hfb-below-header-display":"","ast-hfb-mobile-header-display":"","site-post-title":"","ast-breadcrumbs-content":"","ast-featured-img":"","footer-sml-layout":"","ast-disable-related-posts":"","theme-transparent-header-meta":"default","adv-header-id-meta":"","stick-header-meta":"","header-above-stick-meta":"","header-main-stick-meta":"","header-below-stick-meta":"","astra-migrate-meta-layouts":"set","ast-page-background-enabled":"default","ast-page-background-meta":{"desktop":{"background-color":"var(--ast-global-color-4)","background-image":"","background-repeat":"repeat","background-position":"center center","background-size":"auto","background-attachment":"scroll","background-type":"","background-media":"","overlay-type":"","overlay-color":"","overlay-opacity":"","overlay-gradient":""},"tablet":{"background-color":"","background-image":"","background-repeat":"repeat","background-position":"center center","background-size":"auto","background-attachment":"scroll","background-type":"","background-media":"","overlay-type":"","overlay-color":"","overlay-opacity":"","overlay-gradient":""},"mobile":{"background-color":"","background-image":"","background-repeat":"repeat","background-position":"center center","background-size":"auto","background-attachment":"scroll","background-type":"","background-media":"","overlay-type":"","overlay-color":"","overlay-opacity":"","overlay-gradient":""}},"ast-content-background-meta":{"desktop":{"background-color":"var(--ast-global-color-5)","background-image":"","background-repeat":"repeat","background-position":"center center","background-size":"auto","background-attachment":"scroll","background-type":"","background-media":"","overlay-type":"","overlay-color":"","overlay-opacity":"","overlay-gradient":""},"tablet":{"background-color":"var(--ast-global-color-5)","background-image":"","background-repeat":"repeat","background-position":"center center","background-size":"auto","background-attachment":"scroll","background-type":"","background-media":"","overlay-type":"","overlay-color":"","overlay-opacity":"","overlay-gradient":""},"mobile":{"background-color":"var(--ast-global-color-5)","background-image":"","background-repeat":"repeat","background-position":"center center","background-size":"auto","background-attachment":"scroll","background-type":"","background-media":"","overlay-type":"","overlay-color":"","overlay-opacity":"","overlay-gradient":""}}},"product_brand":[],"product_cat":[22],"product_tag":[],"class_list":{"0":"post-1312","1":"product","2":"type-product","3":"status-publish","4":"has-post-thumbnail","6":"product_cat-jeunesse","7":"desktop-align-left","8":"tablet-align-left","9":"mobile-align-left","11":"first","12":"instock","13":"shipping-taxable","14":"purchasable","15":"product-type-simple"},"jetpack_sharing_enabled":true,"uagb_featured_image_src":{"full":["https:\/\/sedimpulsionacademie.com\/wp-content\/uploads\/2024\/10\/daniel_livre1.jpg",342,342,false],"thumbnail":["https:\/\/sedimpulsionacademie.com\/wp-content\/uploads\/2024\/10\/daniel_livre1-150x150.jpg",150,150,true],"medium":["https:\/\/sedimpulsionacademie.com\/wp-content\/uploads\/2024\/10\/daniel_livre1-300x300.jpg",300,300,true],"medium_large":["https:\/\/sedimpulsionacademie.com\/wp-content\/uploads\/2024\/10\/daniel_livre1.jpg",342,342,false],"large":["https:\/\/sedimpulsionacademie.com\/wp-content\/uploads\/2024\/10\/daniel_livre1.jpg",342,342,false],"1536x1536":["https:\/\/sedimpulsionacademie.com\/wp-content\/uploads\/2024\/10\/daniel_livre1.jpg",342,342,false],"2048x2048":["https:\/\/sedimpulsionacademie.com\/wp-content\/uploads\/2024\/10\/daniel_livre1.jpg",342,342,false],"mailpoet_newsletter_max":["https:\/\/sedimpulsionacademie.com\/wp-content\/uploads\/2024\/10\/daniel_livre1.jpg",342,342,false],"woocommerce_thumbnail":["https:\/\/sedimpulsionacademie.com\/wp-content\/uploads\/2024\/10\/daniel_livre1-300x300.jpg",300,300,true],"woocommerce_single":["https:\/\/sedimpulsionacademie.com\/wp-content\/uploads\/2024\/10\/daniel_livre1.jpg",342,342,false],"woocommerce_gallery_thumbnail":["https:\/\/sedimpulsionacademie.com\/wp-content\/uploads\/2024\/10\/daniel_livre1-100x100.jpg",100,100,true]},"uagb_author_info":{"display_name":"sedimpulsionacademie.com","author_link":"https:\/\/sedimpulsionacademie.com\/home\/author\/"},"uagb_comment_info":0,"uagb_excerpt":"Bienvenue au Palais Royal, l\u00e0 o\u00f9 r\u00e8gnent secrets, v\u00e9rit\u00e9s, et sagesse divine ! D\u00e9couvre \u00e0 travers le quotidien du jeune Daniel, l\u2019amour de Dieu pour toi ind\u00e9pendamment des circonstances et des personnes autour de toi.","_links":{"self":[{"href":"https:\/\/sedimpulsionacademie.com\/home\/wp-json\/wp\/v2\/product\/1312","targetHints":{"allow":["GET"]}}],"collection":[{"href":"https:\/\/sedimpulsionacademie.com\/home\/wp-json\/wp\/v2\/product"}],"about":[{"href":"https:\/\/sedimpulsionacademie.com\/home\/wp-json\/wp\/v2\/types\/product"}],"wp:featuredmedia":[{"embeddable":true,"href":"https:\/\/sedimpulsionacademie.com\/home\/wp-json\/wp\/v2\/media\/1254"}],"wp:attachment":[{"href":"https:\/\/sedimpulsionacademie.com\/home\/wp-json\/wp\/v2\/media?parent=1312"}],"wp:term":[{"taxonomy":"product_brand","embeddable":true,"href":"https:\/\/sedimpulsionacademie.com\/home\/wp-json\/wp\/v2\/product_brand?post=1312"},{"taxonomy":"product_cat","embeddable":true,"href":"https:\/\/sedimpulsionacademie.com\/home\/wp-json\/wp\/v2\/product_cat?post=1312"},{"taxonomy":"product_tag","embeddable":true,"href":"https:\/\/sedimpulsionacademie.com\/home\/wp-json\/wp\/v2\/product_tag?post=1312"}],"curies":[{"name":"wp","href":"https:\/\/api.w.org\/{rel}","templated":true}]}}